867 - -17?
-3850
In base 8, what is 42 + 302417?
302461
In base 4, what is 210101330 - 2?
210101322
In base 8, what is -3 - -1346673?
1346670
In base 5, what is -1424 + 414?
-1010
In base 6, what is 10255 + 45?
10344
In base 14, what is -3 + 7c022?
7c01d
In base 4, what is 3300131021 - -11?
3300131032
In base 11, what is 91a + -413?
507
In base 11, what is -51125 + -2?
-51127
In base 12, what is -27 - -4a05?
499a
In base 13, what is -5793 + 10?
-5783
In base 8, what is 664762 - 3?
664757
In base 6, what is 3 - 1215035?
-1215032
In base 8, what is 350 + -3341?
-2771
In base 6, what is 212 - -12022?
12234
In base 12, what is -28bb + -a?
-2909
In base 3, what is -20111 - -2100212?
2010101
In base 7, what is -134 - 233?
-400
In base 8, what is 5 - -333614?
333621
In base 3, what is 1012211 - 2?
1012202
In base 12, what is -3 - -a168?
a165
In base 12, what is -59b + 1a7?
-3b4
In base 10, what is -27 - -3585?
3558
In base 2, what is 1010100110000001100010 + 11?
1010100110000001100101
In base 14, what is 0 - -8155?
8155
In base 12, what is 1 + -1856b?
-1856a
In base 4, what is 32212202 + -22?
32212120
In base 2, what is 1110 - 100000111011?
-100000101101
In base 16, what is -931 - 9d?
-9ce
In base 2, what is 101101001011011 + -1?
101101001011010
In base 4, what is -230232 + -101?
-230333
In base 8, what is 74306 + -134?
74152
In base 2, what is 10001000 + -1110110100101?
-1110100011101
In base 12, what is -272 - -16?
-258
In base 10, what is -6 - 26333?
-26339
In base 15, what is -428a - -2?
-4288
In base 9, what is -25 + 3470?
3444
In base 2, what is 100 + -11000101110011?
-11000101101111
In base 15, what is -1887 - -22?
-1865
In base 3, what is 101 - 1022101?
-1022000
In base 14, what is -2 - -a47?
a45
In base 4, what is -12 - -2001221?
2001203
In base 14, what is 11812 - -b?
1181d
In base 2, what is -1010000010 + -11000?
-1010011010
In base 2, what is 101100111101011000 + -101?
101100111101010011
In base 4, what is -13 + 3031132?
3031113
In base 13, what is -216 + -8a?
-2a3
In base 15, what is -7 - -287?
280
In base 5, what is -103443 + -143?
-104141
In base 8, what is 115440 + 0?
115440
In base 7, what is -130 - 113000?
-113130
In base 16, what is -109 - af6?
-bff
In base 4, what is -21200133032 + 10?
-21200133022
In base 9, what is 700013 + 4?
700017
In base 12, what is 5a + 3262?
3300
In base 14, what is 8bb9a - 1?
8bb99
In base 2, what is -11000110 - 1000000011?
-1011001001
In base 2, what is 11 + 1000101001010001?
1000101001010100
In base 9, what is -282 - 74?
-366
In base 11, what is -1 + -60234?
-60235
In base 10, what is -13 + -10768?
-10781
In base 13, what is 58069 - -1?
5806a
In base 9, what is -254 + 377?
123
In base 4, what is -2 - 321131?
-321133
In base 16, what is -30d + -a69?
-d76
In base 6, what is 30 + -405034?
-405004
In base 13, what is 182 + -8?
177
In base 8, what is -26 + 10101?
10053
In base 4, what is 30 - -12121200?
12121230
In base 14, what is -4 - -5873?
586d
In base 7, what is -2 - 213262?
-213264
In base 16, what is -1d4 - df?
-2b3
In base 15, what is 3ce9a5 + -2?
3ce9a3
In base 12, what is -7a + 18?
-62
In base 3, what is 20 - 200102022?
-200102002
In base 14, what is 6d4 - 18?
6ba
In base 13, what is -2 - 2723?
-2725
In base 7, what is -60 + -40346?
-40436
In base 2, what is 10 + 1111110010000010110?
1111110010000011000
In base 3, what is -1020 - -20022112?
20021022
In base 3, what is 11 - -12110200210?
12110200221
In base 15, what is acc5 + -1?
acc4
In base 9, what is -3 - 454723?
-454726
In base 7, what is 110260 - -3?
110263
In base 12, what is -10a + 17a?
70
In base 14, what is -1c0174 - -3?
-1c0171
In base 8, what is -3771 + 763?
-3006
In base 12, what is 88759 - 8?
88751
In base 11, what is -644085 + -2?
-644087
In base 6, what is -245 + 213234?
212545
In base 11, what is 3 + -124a6a?
-124a67
In base 9, what is 16470 - 105?
16364
In base 14, what is 13 - 1924?
-1911
In base 2, what is 1001100100111 - -101011100?
1010010000011
In base 5, what is 114400 + 2?
114402
In base 7, what is -3226 - 151?
-3410
In base 11, what is -50813 + -11?
-50824
In base 6, what is -13542243 + 1?
-13542242
In base 5, what is 2211 - -2233?
4444
In base 7, what is 134466 + -3?
134463
In base 5, what is 1 - 22404342?
-22404341
In base 9, what is 5 + 7223?
7228
In base 3, what is 10211002 + 11110?
10222112
In base 13, what is b2a6 + 7?
b2b0
In base 9, what is 170 + -13826?
-13646
In base 7, what is -245042 - 5?
-245050
In base 8, what is -6 + -154330?
-154336
In base 5, what is 4 - -1101110?
1101114
In base 7, what is -1104503 - -15?
-1104455
In base 8, what is -221 - 1256?
-1477
In base 11, what is -228 - 337?
-564
In base 8, what is -20153 + 26?
-20125
In base 11, what is -21239 - -23?
-21216
In base 9, what is -128 - -1166?
1037
In base 9, what is 1 + 457450?
457451
In base 6, what is -5 + -1524043?
-1524052
In base 4, what is -3303 + 10330?
1021
In base 12, what is 67514 - 4?
67510
In base 4, what is -3 + 3223200?
3223131
In base 9, what is -4 - -214364?
214360
In base 14, what is -2b65 + -6?
-2b6b
In base 2, what is 1011 - 1001110101001?
-1001110011110
In base 13, what is 13b9 - 49?
1370
In base 10, what is -472 + -2085?
-2557
In base 13, what is -4074 - -1c?
-4055
In base 10, what is 228 - 59?
169
In base 8, what is 167 - -60757?
61146
In base 3, what is -20212001 + 200?
-20211101
In base 12, what is 14 + a1034?
a1048
In base 8, what is -4605 + -35?
-4642
In base 16, what is -3 + 26f54?
26f51
In base 3, what is -101000222000 - 1?
-101000222001
In base 3, what is -2 + -1001110010?
-1001110012
In base 11, what is 7 + -34849?
-34842
In base 7, what is -61 - -13130?
13036
In base 4, what is 3 - -20122?
20131
In base 13, what is -15 - 34a19?
-34a31
In base 10, what is -5764 + -12?
-5776
In base 14, what is -2 + 12b19b?
12b199
In base 5, what is 43443 - 1032?
42411
In base 7, what is 1 + -206114?
-206113
In base 7, what is -34533101 + 4?
-34533064
In base 7, what is -1063 + -33?
-1126
In base 2, what is -100 - 1010110100101001?
-1010110100101101
In base 9, what is 156 + -625?
-458
In base 8, what is 11 + -347323?
-347312
In base 9, what is -3853218 - 2?
-3853221
In base 2, what is 1100111011101111 - -1011010?
1100111101001001
In base 3, what is -21122 + 20102?
-1020
In base 5, what is 14103201 + 120?
14103321
In base 3, what is 1012001000102 - -2?
1012001000111
In base 5, what is 1 + -13002022?
-13002021
In base 10, what is 93073 - -18?
93091
In base 3, what is 210110022020 + 12?
210110022102
In base 12, what is 0 + -10311?
-10311
In base 10, what is 7 - -14398?
14405
In base 11, what is -1aa9 + 140?
-1969
In base 12, what is -933 - 1b74?
-28a7
In base 2, what is -100101110101111011 - 100?
-100101110101111111
In base 16, what is 4d7cd - 2?
4d7cb
In base 12, what is -14 + -52b98?
-52bb0
In base 4, what is -1 - -210202212?
210202211
In base 9, what is 7163 + 80?
7253
In base 6, what is -105341 - -23?
-105314
In base 16, what is 42ed + -6?
42e7
In base 16, what is 4 - -22f5?
22f9
In base 13, what is -7c45c + -4?
-7c463
In base 13, what is 5 + -2b634?
-2b62c
In base 6, what is 12545433 + 5?
12545442
In base 4, what is -2100131 + 0?
-2100131
In base 3, what is -11102200020 - 10?
-11102200100
In base 3, what is -1001 - -202002220?
202001212
In base 15, what is 3 - -487?
48a
In base 7, what is 40016 + 1?
40020
In base 16, what is b83 + -71?
b12
In base 10, what is 10134 + 223?
10357
In base 8, what is 20076 - 301?
17575
In base 2, what is 1 + -1000110110000000111?
-1000110110000000110
In base 9, what is -775 + 4?
-771
In base 7, what is 231 - 146423?
-146162
In base 13, what is -77 + -3ccb?
-4075
In base 9, what is 11036 - -2?
11038
In base 16, what is 78 + 6c7f?
6cf7
In base 14, what is 2 - 2b9bb?
-2b9b9
In base 12, what is 247 + -31?
216
In base 7, what is 0 - -11565?
11565
In base 8, what is 1743107 - 1?
1743106
In base 15, what is -3 - -aaa2?
aa9e
In base 2, what is -11011000001000 - -111?
-11011000000001
In base 7, what is -6646423 - 0?
-6646423
In base 8, what is -1053530 - -2?
-1053526
In base 7, what is -104036 + 41?
-103665
In base 5, what is -1 - 232240?
-232241
In base 2, what is 1011010 - -1000010010011?
1000011101101
In base 4, what is 203200 - -113?
203313
In base 9, what is 4 + 377443?
377447
In base 12, what is a - -2bb1?